656?
2, 23, 1009
What are the prime factors of 39273?
3, 13, 19, 53
What are the prime factors of 23042?
2, 41, 281
What are the prime factors of 49429?
49429
What are the prime factors of 13769?
7, 281
List the prime factors of 8035.
5, 1607
List the prime factors of 11119.
11119
List the prime factors of 1273.
19, 67
What are the prime factors of 2398?
2, 11, 109
List the prime factors of 2364.
2, 3, 197
What are the prime factors of 1433?
1433
What are the prime factors of 7833?
3, 7, 373
What are the prime factors of 7170?
2, 3, 5, 239
What are the prime factors of 98373?
3, 11, 271
List the prime factors of 4666.
2, 2333
What are the prime factors of 10247?
10247
What are the prime factors of 952?
2, 7, 17
List the prime factors of 1249.
1249
List the prime factors of 1606.
2, 11, 73
What are the prime factors of 396?
2, 3, 11
List the prime factors of 8894.
2, 4447
What are the prime factors of 471?
3, 157
List the prime factors of 7357.
7, 1051
List the prime factors of 3358.
2, 23, 73
List the prime factors of 39389.
7, 17, 331
What are the prime factors of 7679?
7, 1097
List the prime factors of 112430.
2, 5, 11243
List the prime factors of 3231.
3, 359
List the prime factors of 21458.
2, 10729
What are the prime factors of 3498?
2, 3, 11, 53
What are the prime factors of 12967?
12967
What are the prime factors of 1766?
2, 883
List the prime factors of 49226.
2, 151, 163
List the prime factors of 2784.
2, 3, 29
List the prime factors of 467.
467
List the prime factors of 181437.
3, 197, 307
List the prime factors of 3417.
3, 17, 67
List the prime factors of 123391.
163, 757
What are the prime factors of 95491?
11, 8681
List the prime factors of 7964.
2, 11, 181
List the prime factors of 8924.
2, 23, 97
List the prime factors of 52988.
2, 13, 1019
What are the prime factors of 23236?
2, 37, 157
What are the prime factors of 65209?
61, 1069
What are the prime factors of 1095?
3, 5, 73
What are the prime factors of 17672?
2, 47
What are the prime factors of 1583?
1583
What are the prime factors of 2819?
2819
What are the prime factors of 27103?
27103
List the prime factors of 575.
5, 23
List the prime factors of 2294.
2, 31, 37
What are the prime factors of 96028?
2, 24007
List the prime factors of 5159.
7, 11, 67
What are the prime factors of 21648?
2, 3, 11, 41
List the prime factors of 42375.
3, 5, 113
What are the prime factors of 18565?
5, 47, 79
List the prime factors of 2605.
5, 521
What are the prime factors of 2271?
3, 757
What are the prime factors of 602?
2, 7, 43
What are the prime factors of 810?
2, 3, 5
List the prime factors of 12104.
2, 17, 89
What are the prime factors of 703?
19, 37
What are the prime factors of 1263?
3, 421
What are the prime factors of 13021?
29, 449
List the prime factors of 57537.
3, 2131
What are the prime factors of 45473?
37, 1229
List the prime factors of 6227.
13, 479
List the prime factors of 43787.
43787
List the prime factors of 3634.
2, 23, 79
What are the prime factors of 1386?
2, 3, 7, 11
What are the prime factors of 34186?
2, 17093
List the prime factors of 869.
11, 79
What are the prime factors of 34?
2, 17
What are the prime factors of 6333?
3, 2111
List the prime factors of 12122.
2, 11, 19, 29
List the prime factors of 4860.
2, 3, 5
List the prime factors of 903.
3, 7, 43
List the prime factors of 14891.
14891
What are the prime factors of 10534?
2, 23, 229
What are the prime factors of 48220?
2, 5, 2411
What are the prime factors of 6014?
2, 31, 97
What are the prime factors of 263?
263
What are the prime factors of 2624?
2, 41
What are the prime factors of 13199?
67, 197
List the prime factors of 94084.
2, 43, 547
What are the prime factors of 247?
13, 19
List the prime factors of 198.
2, 3, 11
List the prime factors of 533.
13, 41
What are the prime factors of 3160?
2, 5, 79
List the prime factors of 882.
2, 3, 7
What are the prime factors of 2063?
2063
What are the prime factors of 1198?
2, 599
What are the prime factors of 55294?
2, 27647
List the prime factors of 28701.
3, 1063
What are the prime factors of 3639?
3, 1213
List the prime factors of 5523.
3, 7, 263
What are the prime factors of 11400?
2, 3, 5, 19
What are the prime factors of 132997?
179, 743
List the prime factors of 867.
3, 17
List the prime factors of 978.
2, 3, 163
What are the prime factors of 918?
2, 3, 17
List the prime factors of 153567.
3, 113, 151
What are the prime factors of 64230?
2, 3, 5, 2141
List the prime factors of 2628.
2, 3, 73
List the prime factors of 3581.
3581
List the prime factors of 24900.
2, 3, 5, 83
List the prime factors of 2107.
7, 43
List the prime factors of 7695.
3, 5, 19
What are the prime factors of 7461?
3, 829
What are the prime factors of 689?
13, 53
List the prime factors of 859.
859
List the prime factors of 348.
2, 3, 29
What are the prime factors of 1640?
2, 5, 41
List the prime factors of 2671.
2671
List the prime factors of 13237.
7, 31, 61
List the prime factors of 4402.
2, 31, 71
What are the prime factors of 20999?
11, 23, 83
What are the prime factors of 20602?
2, 10301
What are the prime factors of 266?
2, 7, 19
List the prime factors of 2401.
7
List the prime factors of 19040.
2, 5, 7, 17
What are the prime factors of 61155?
3, 5, 151
List the prime factors of 1550.
2, 5, 31
List the prime factors of 82919.
283, 293
What are the prime factors of 9264?
2, 3, 193
What are the prime factors of 996?
2, 3, 83
What are the prime factors of 13025?
5, 521
What are the prime factors of 11927?
11927
What are the prime factors of 21622?
2, 19, 569
What are the prime factors of 24848?
2, 1553
List the prime factors of 112577.
112577
List the prime factors of 109804.
2, 97, 283
What are the prime factors of 5?
5
What are the prime factors of 9170?
2, 5, 7, 131
List the prime factors of 94476.
2, 3, 7873
List the prime factors of 1800.
2, 3, 5
What are the prime factors of 5651?
5651
What are the prime factors of 1441?
11, 131
List the prime factors of 1589.
7, 227
What are the prime factors of 11705?
5, 2341
List the prime factors of 371.
7, 53
What are the prime factors of 788?
2, 197
What are the prime factors of 426?
2, 3, 71
List the prime factors of 25846.
2, 12923
What are the prime factors of 106403?
11, 17, 569
What are the prime factors of 16159?
11, 13, 113
What are the prime factors of 1332?
2, 3, 37
List the prime factors of 81885.
3, 5, 53, 103
What are the prime factors of 1832?
2, 229
What are the prime factors of 362?
2, 181
List the prime factors of 275.
5, 11
What are the prime factors of 6383?
13, 491
List the prime factors of 265.
5, 53
List the prime factors of 62840.
2, 5, 1571
What are the prime factors of 1966?
2, 983
What are the prime factors of 6942?
2, 3, 13, 89
What are the prime factors of 112?
2, 7
What are the prime factors of 15009?
3, 5003
List the prime factors of 30690.
2, 3, 5, 11, 31
What are the prime factors of 97291?
17, 59, 97
List the prime factors of 1101.
3, 367
List the prime factors of 6688.
2, 11, 19
List the prime factors of 25433.
29, 877
What are the prime factors of 1402?
2, 701
What are the prime factors of 2192?
2, 137
What are the prime factors of 9072?
2, 3, 7
What are the prime factors of 24630?
2, 3, 5, 821
What are the prime factors of 41229?
3, 509
List the prime factors of 76.
2, 19
What are the prime factors of 16586?
2, 8293
List the prime factors of 3924.
2, 3, 109
List the prime factors of 49497.
3, 7, 2357
What are the prime factors of 1622?
2, 811
List the prime factors of 20160.
2, 3, 5, 7
List the prime factors of 16312.
2, 2039
What are the prime factors of 17075?
5, 683
List the prime factors of 16425.
3, 5, 73
List the prime factors of 1528.
2, 191
List the prime factors of 12248.
2, 1531
What are the prime factors of 3517?
3517
List the prime factors of 473.
11, 43
What are the prime factors of 109638?
2, 3, 6091
What are the prime factors of 113307?
3, 179, 211
List the prime factors of 901.
17, 53
List the prime factors of 63693.
3, 7, 337
List the prime factors of 625.
5
List the prime factors of 298.
2, 149
What are the prime factors of 37595?
5, 73, 103
List the prime factors of 40373.
47, 859
What are the prime factors of 12553?
12553
List the prime factors of 89186.
2, 19, 2347
What are the p